{"id":145,"date":"2024-03-15T14:45:47","date_gmt":"2024-03-15T17:45:47","guid":{"rendered":"https:\/\/imatec.com.br\/novo\/?page_id=145"},"modified":"2024-04-09T11:02:40","modified_gmt":"2024-04-09T14:02:40","slug":"politica-de-cookies","status":"publish","type":"page","link":"https:\/\/imatec.com.br\/index.php\/politica-de-cookies\/","title":{"rendered":"Pol\u00edtica de Cookies"},"content":{"rendered":"\t\t<div data-elementor-type=\"wp-page\" data-elementor-id=\"145\" class=\"elementor elementor-145\" data-elementor-post-type=\"page\">\n\t\t\t\t<div class=\"elementor-element elementor-element-c5ca56f e-con-full e-flex e-con e-parent\" data-id=\"c5ca56f\" data-element_type=\"container\">\n\t\t\t\t<div class=\"elementor-element elementor-element-943c4a3 elementor-widget elementor-widget-text-editor\" data-id=\"943c4a3\" data-element_type=\"widget\" data-widget_type=\"text-editor.default\">\n\t\t\t\t<div class=\"elementor-widget-container\">\n\t\t\t\t\t\t\t\t\t<p><strong>1. INTRODU\u00c7\u00c3O<\/strong><\/p><p>Ol\u00e1, somos a <b>IMATEC<\/b>, uma empresa especializada no Gerenciamento de\u00a0<span style=\"color: var( --e-global-color-text ); font-family: var( --e-global-typography-text-font-family ), Sans-serif; font-size: var( --e-global-typography-text-font-size ); font-weight: var( --e-global-typography-text-font-weight ); text-align: var(--text-align); letter-spacing: var( --e-global-typography-e3a3a82-letter-spacing ); word-spacing: var( --e-global-typography-e3a3a82-word-spacing );\">Informa\u00e7\u00f5es, com atua\u00e7\u00e3o voltada para a qualidade de servi\u00e7o e um atendimento<\/span><span style=\"color: var( --e-global-color-text ); font-family: var( --e-global-typography-text-font-family ), Sans-serif; font-size: var( --e-global-typography-text-font-size ); font-weight: var( --e-global-typography-text-font-weight ); text-align: var(--text-align); letter-spacing: var( --e-global-typography-e3a3a82-letter-spacing ); word-spacing: var( --e-global-typography-e3a3a82-word-spacing );\">personalizado aos nossos clientes.<\/span><\/p><p>Ao visitar nosso site, ele pode armazenar ou coletar algumas informa\u00e7\u00f5es por meiode seu navegador, na forma de \u201cCookies\u201d. Essas informa\u00e7\u00f5es podem ser sobre suasprefer\u00eancias ou do seu dispositivo e s\u00e3o utilizadas fundamentalmente com a finalidade de proporcionar uma melhor experiencia a voc\u00ea.\u00a0<\/p><p>Embora estas informa\u00e7\u00f5es n\u00e3o o identifiquem diretamente, em alguns casos podem ser consideradas como Dados Pessoais. Sabendo a import\u00e2ncia destas informa\u00e7\u00f5es para voc\u00ea, elaboramos essa Pol\u00edtica de Cookies explicando detalhadamente como os Cookies s\u00e3o tratados pela <b>IMATEC<\/b>.<span style=\"color: var( --e-global-color-text ); font-family: var( --e-global-typography-text-font-family ), Sans-serif; font-size: var( --e-global-typography-text-font-size ); font-weight: var( --e-global-typography-text-font-weight ); text-align: var(--text-align); letter-spacing: var( --e-global-typography-e3a3a82-letter-spacing ); word-spacing: var( --e-global-typography-e3a3a82-word-spacing );\">\u00a0<\/span><\/p><p>Incentivamos que voc\u00ea leia esse documento integralmente, a fim de que esteja <br \/>plenamente ciente de como essas informa\u00e7\u00f5es s\u00e3o tratadas.<\/p><p>\u00a0 <br \/><b>2. COOKIES E COMO S\u00c3O COLETADOS<\/b><\/p><p>Um cookie, no \u00e2mbito tecnologia da informa\u00e7\u00e3o, em espec\u00edfico em rela\u00e7\u00e3o a\u00a0<span style=\"color: var( --e-global-color-text ); font-family: var( --e-global-typography-text-font-family ), Sans-serif; font-size: var( --e-global-typography-text-font-size ); font-weight: var( --e-global-typography-text-font-weight ); text-align: var(--text-align); letter-spacing: var( --e-global-typography-e3a3a82-letter-spacing ); word-spacing: var( --e-global-typography-e3a3a82-word-spacing );\">comunica\u00e7\u00e3o na internet, \u00e9 um pequeno arquivo de dados que s\u00e3o enviados pelo\u00a0<\/span><span style=\"color: var( --e-global-color-text ); font-family: var( --e-global-typography-text-font-family ), Sans-serif; font-size: var( --e-global-typography-text-font-size ); font-weight: var( --e-global-typography-text-font-weight ); text-align: var(--text-align); letter-spacing: var( --e-global-typography-e3a3a82-letter-spacing ); word-spacing: var( --e-global-typography-e3a3a82-word-spacing );\">site que voc\u00ea est\u00e1 visitando para o seu navegador (Chrome, Internet Explorer, Firefox,\u00a0<\/span><span style=\"color: var( --e-global-color-text ); font-family: var( --e-global-typography-text-font-family ), Sans-serif; font-size: var( --e-global-typography-text-font-size ); font-weight: var( --e-global-typography-text-font-weight ); text-align: var(--text-align); letter-spacing: var( --e-global-typography-e3a3a82-letter-spacing ); word-spacing: var( --e-global-typography-e3a3a82-word-spacing );\">Safari, Opera, Edge e\/ou outros).<\/span><\/p><p>Com este pequeno arquivo, cada vez que voc\u00ea visitar novamente este site, o navegador envia os cookies armazenados de volta para o servidor deste site, informando as atividades efetuadas anteriormente e as prefer\u00eancias de navega\u00e7\u00e3o.<span style=\"color: var( --e-global-color-text ); font-family: var( --e-global-typography-text-font-family ), Sans-serif; font-size: var( --e-global-typography-text-font-size ); font-weight: var( --e-global-typography-text-font-weight ); text-align: var(--text-align); letter-spacing: var( --e-global-typography-e3a3a82-letter-spacing ); word-spacing: var( --e-global-typography-e3a3a82-word-spacing );\">\u00a0<\/span><\/p><p>Assim, podemos dizer que os cookies funcionam como uma mem\u00f3ria de sua navega\u00e7\u00e3o, o que permite ajustes para proporcionar uma melhor experiencia a voc\u00ea.<\/p><p>\u00a0 <br \/><b>3. FINALIDADES DE TRATAMENTO DOS COOKIES PELA IMATEC<\/b><\/p><p>A utiliza\u00e7\u00e3o de Cookies em nosso site \u00e9 realizada de acordo com as seguintes finalidades espec\u00edficas e bases legais que autorizam o seu Tratamento:<\/p>\t\t\t\t\t\t\t\t<\/div>\n\t\t\t\t<\/div>\n\t\t\t\t<div class=\"elementor-element elementor-element-556e280 elementor-widget elementor-widget-image\" data-id=\"556e280\" data-element_type=\"widget\" data-widget_type=\"image.default\">\n\t\t\t\t<div class=\"elementor-widget-container\">\n\t\t\t\t\t\t\t\t\t\t\t\t\t\t\t<img fetchpriority=\"high\" decoding=\"async\" width=\"640\" height=\"595\" src=\"https:\/\/imatec.com.br\/wp-content\/uploads\/2024\/04\/NOTA-POLITICA-DE-COOKIES-1.jpg\" class=\"attachment-large size-large wp-image-2072\" alt=\"POLITICA-DE-COOKIES\" srcset=\"https:\/\/imatec.com.br\/wp-content\/uploads\/2024\/04\/NOTA-POLITICA-DE-COOKIES-1.jpg 640w, https:\/\/imatec.com.br\/wp-content\/uploads\/2024\/04\/NOTA-POLITICA-DE-COOKIES-1-300x279.jpg 300w\" sizes=\"(max-width: 640px) 100vw, 640px\" \/>\t\t\t\t\t\t\t\t\t\t\t\t\t\t\t<\/div>\n\t\t\t\t<\/div>\n\t\t\t\t<\/div>\n\t\t<div class=\"elementor-element elementor-element-c041684 e-flex e-con-boxed e-con e-parent\" data-id=\"c041684\" data-element_type=\"container\">\n\t\t\t\t\t<div class=\"e-con-inner\">\n\t\t\t\t<div class=\"elementor-element elementor-element-beabaed elementor-widget elementor-widget-text-editor\" data-id=\"beabaed\" data-element_type=\"widget\" data-widget_type=\"text-editor.default\">\n\t\t\t\t<div class=\"elementor-widget-container\">\n\t\t\t\t\t\t\t\t\t<p><b>4. POR QUANTO TEMPO OS COOKIES S\u00c3O UTILIZADOS<\/b><\/p>\n<p>Utilizamos 2 tipos b\u00e1sicos de dura\u00e7\u00e3o para um cookie:<span style=\"color: var( --e-global-color-text ); font-family: var( --e-global-typography-text-font-family ), Sans-serif; font-size: var( --e-global-typography-text-font-size ); font-weight: var( --e-global-typography-text-font-weight ); text-align: var(--text-align); letter-spacing: var( --e-global-typography-e3a3a82-letter-spacing ); word-spacing: var( --e-global-typography-e3a3a82-word-spacing );\">&nbsp;<\/span><\/p>\n<p><b>\u2022 Cookies de sess\u00e3o:<\/b> s\u00e3o tempor\u00e1rios e permanecem no seu dispositivo at\u00e9 que voc\u00ea finalize a navega\u00e7\u00e3o.<\/p>\n<p>\u2022<b> Cookies persistentes:<\/b> que permanecem no seu dispositivo at\u00e9 que seja exclu\u00eddo por voc\u00ea, ou ainda, at\u00e9 a data de sua expira\u00e7\u00e3o. Caso deseje excluir, veja o t\u00f3pico \u201cCOMO VOC\u00ca PODE CONTROLAR OS COOKIES EM SEU NAVEGADOR\u201d.<\/p>\n<p><br><\/p>\n<p><b>5. QUE COOKIES UTILIZAMOS E SUAS CARACTER\u00cdSTICAS<\/b><\/p>\n<p>\nNa tabela a seguir, descrevemos cada Cookie utilizado pela <b>IMATEC<\/b>, sua respectiva finalidade, tempo de dura\u00e7\u00e3o, parceiro provedor do cookie e descri\u00e7\u00e3o:<\/p>\t\t\t\t\t\t\t\t<\/div>\n\t\t\t\t<\/div>\n\t\t\t\t<div class=\"elementor-element elementor-element-59411e7 elementor-widget elementor-widget-image\" data-id=\"59411e7\" data-element_type=\"widget\" data-widget_type=\"image.default\">\n\t\t\t\t<div class=\"elementor-widget-container\">\n\t\t\t\t\t\t\t\t\t\t\t\t\t\t\t<img decoding=\"async\" width=\"638\" height=\"538\" src=\"https:\/\/imatec.com.br\/wp-content\/uploads\/2024\/04\/NOTA-POLITICA-DE-COOKIES-2.jpg\" class=\"attachment-large size-large wp-image-2077\" alt=\"\" srcset=\"https:\/\/imatec.com.br\/wp-content\/uploads\/2024\/04\/NOTA-POLITICA-DE-COOKIES-2.jpg 638w, https:\/\/imatec.com.br\/wp-content\/uploads\/2024\/04\/NOTA-POLITICA-DE-COOKIES-2-300x253.jpg 300w\" sizes=\"(max-width: 638px) 100vw, 638px\" \/>\t\t\t\t\t\t\t\t\t\t\t\t\t\t\t<\/div>\n\t\t\t\t<\/div>\n\t\t\t\t<div class=\"elementor-element elementor-element-156ff47 elementor-widget elementor-widget-image\" data-id=\"156ff47\" data-element_type=\"widget\" data-widget_type=\"image.default\">\n\t\t\t\t<div class=\"elementor-widget-container\">\n\t\t\t\t\t\t\t\t\t\t\t\t\t\t\t<img decoding=\"async\" width=\"637\" height=\"253\" src=\"https:\/\/imatec.com.br\/wp-content\/uploads\/2024\/04\/NOTA-POLITICA-DE-COOKIES-3.jpg\" class=\"attachment-large size-large wp-image-2078\" alt=\"\" srcset=\"https:\/\/imatec.com.br\/wp-content\/uploads\/2024\/04\/NOTA-POLITICA-DE-COOKIES-3.jpg 637w, https:\/\/imatec.com.br\/wp-content\/uploads\/2024\/04\/NOTA-POLITICA-DE-COOKIES-3-300x119.jpg 300w\" sizes=\"(max-width: 637px) 100vw, 637px\" \/>\t\t\t\t\t\t\t\t\t\t\t\t\t\t\t<\/div>\n\t\t\t\t<\/div>\n\t\t\t\t<div class=\"elementor-element elementor-element-4879731 elementor-widget elementor-widget-image\" data-id=\"4879731\" data-element_type=\"widget\" data-widget_type=\"image.default\">\n\t\t\t\t<div class=\"elementor-widget-container\">\n\t\t\t\t\t\t\t\t\t\t\t\t\t\t\t<img loading=\"lazy\" decoding=\"async\" width=\"642\" height=\"607\" src=\"https:\/\/imatec.com.br\/wp-content\/uploads\/2024\/04\/NOTA-POLITICA-DE-COOKIES-4.jpg\" class=\"attachment-large size-large wp-image-2079\" alt=\"\" srcset=\"https:\/\/imatec.com.br\/wp-content\/uploads\/2024\/04\/NOTA-POLITICA-DE-COOKIES-4.jpg 642w, https:\/\/imatec.com.br\/wp-content\/uploads\/2024\/04\/NOTA-POLITICA-DE-COOKIES-4-300x284.jpg 300w\" sizes=\"(max-width: 642px) 100vw, 642px\" \/>\t\t\t\t\t\t\t\t\t\t\t\t\t\t\t<\/div>\n\t\t\t\t<\/div>\n\t\t\t\t<div class=\"elementor-element elementor-element-8040c9c elementor-widget elementor-widget-text-editor\" data-id=\"8040c9c\" data-element_type=\"widget\" data-widget_type=\"text-editor.default\">\n\t\t\t\t<div class=\"elementor-widget-container\">\n\t\t\t\t\t\t\t\t\t<p><b>6. COMO VOC\u00ca PODE CONTROLAR OS COOKIES EM SEU NAVEGADOR<\/b><\/p><p>Por meio de seu navegador, voc\u00ea pode, a qualquer momento, configurar suas prefer\u00eancias para bloquear esses Cookies ou receber alertas quando um estiver sendo enviado para seu dispositivo.\u00a0<\/p><p>Cada navegador possui seu pr\u00f3prio procedimento de configura\u00e7\u00e3o, de forma que, caso voc\u00ea utilize diversos dispositivos e\/ou navegadores para interagir com nosso site, dever\u00e1 assegurar-se de que cada navegador, de cada dispositivo, est\u00e1\u00a0devidamente configurado para atender suas prefer\u00eancias em rela\u00e7\u00e3o a estes Cookies.\u00a0<\/p><p>\u00a0Para auxili\u00e1-lo a configurar suas prefer\u00eancias em rela\u00e7\u00e3o a estes Cookies, relacionamos a seguir os links da \u00e1rea de suporte dos principais navegadores:<\/p>\t\t\t\t\t\t\t\t<\/div>\n\t\t\t\t<\/div>\n\t\t\t\t<div class=\"elementor-element elementor-element-1101bb3 elementor-widget elementor-widget-image\" data-id=\"1101bb3\" data-element_type=\"widget\" data-widget_type=\"image.default\">\n\t\t\t\t<div class=\"elementor-widget-container\">\n\t\t\t\t\t\t\t\t\t\t\t\t\t\t\t<img loading=\"lazy\" decoding=\"async\" width=\"638\" height=\"470\" src=\"https:\/\/imatec.com.br\/wp-content\/uploads\/2024\/04\/NOTA-POLITICA-DE-COOKIES-5.jpg\" class=\"attachment-large size-large wp-image-2080\" alt=\"\" srcset=\"https:\/\/imatec.com.br\/wp-content\/uploads\/2024\/04\/NOTA-POLITICA-DE-COOKIES-5.jpg 638w, https:\/\/imatec.com.br\/wp-content\/uploads\/2024\/04\/NOTA-POLITICA-DE-COOKIES-5-300x221.jpg 300w\" sizes=\"(max-width: 638px) 100vw, 638px\" \/>\t\t\t\t\t\t\t\t\t\t\t\t\t\t\t<\/div>\n\t\t\t\t<\/div>\n\t\t\t\t<div class=\"elementor-element elementor-element-78d576e elementor-widget elementor-widget-text-editor\" data-id=\"78d576e\" data-element_type=\"widget\" data-widget_type=\"text-editor.default\">\n\t\t\t\t<div class=\"elementor-widget-container\">\n\t\t\t\t\t\t\t\t\t<p><b>7. MUDAN\u00c7AS NA POL\u00cdTICA DE COOKIES<span style=\"color: var( --e-global-color-text ); font-family: var( --e-global-typography-text-font-family ), Sans-serif; font-size: var( --e-global-typography-text-font-size ); text-align: var(--text-align); letter-spacing: var( --e-global-typography-e3a3a82-letter-spacing ); word-spacing: var( --e-global-typography-e3a3a82-word-spacing );\">&nbsp;<\/span><\/b><\/p>\n<p>A <b>IMATEC <\/b>est\u00e1 sempre em busca de constantes melhorias, de maneira que \u00e9 poss\u00edvelque esta Pol\u00edtica possa ser alterada a qualquer momento. Entretanto, a <b>IMATEC <\/b>n\u00e3o realizar\u00e1 qualquer altera\u00e7\u00e3o que afete as salvaguardas desta Pol\u00edtica de Privacidade sem dar publicidade das altera\u00e7\u00f5es.<span style=\"color: var( --e-global-color-text ); font-family: var( --e-global-typography-text-font-family ), Sans-serif; font-size: var( --e-global-typography-text-font-size ); font-weight: var( --e-global-typography-text-font-weight ); text-align: var(--text-align); letter-spacing: var( --e-global-typography-e3a3a82-letter-spacing ); word-spacing: var( --e-global-typography-e3a3a82-word-spacing );\">&nbsp;<\/span><\/p>\n<p>A fim da total transpar\u00eancia das informa\u00e7\u00f5es, a <b>IMATEC <\/b>disponibilizar\u00e1 em seu website oficial, qual seja&nbsp;<a href=\"https:\/\/imatec.com.br\/https:\/\/imatec.com.br\/\" target=\"_blank\">HTTPS:\/\/IMATEC.COM.BR<\/a>&nbsp;a vers\u00e3o atualizada desta Pol\u00edtica de Privacidade, onde ser\u00e1 poss\u00edvel consultar as modifica\u00e7\u00f5es realizadas em sua reda\u00e7\u00e3o.<\/p>\n<p><br><\/p>\n<p><b>8. COMO OBTER MAIS INFORMA\u00c7\u00d5ES SOBRE A PRIVACIDADE<\/b><\/p>\n<p>\nEm raz\u00e3o do disposto na Lei 13.709\/2018, \u00e9 responsabilidade da <b>IMATEC <\/b>designar um Encarregado para fornecer ao Titular todas as informa\u00e7\u00f5es solicitadas no que diz respeito \u00e0 sua privacidade e prote\u00e7\u00e3o de Dados Pessoais, bem como interagir com a Autoridade Nacional de Prote\u00e7\u00e3o de Dados.<\/p>\n<p>\nAssim sendo, para quaisquer d\u00favidas ou demandas relacionadas especificamente ao tema de privacidade e prote\u00e7\u00e3o de Dados Pessoais, nosso atual Encarregado pelo Tratamento de Dados Pessoais, Sr. Rog\u00e9rio Oliveira, poder\u00e1 ser contatado pelo e-mail dpo@imatec.com.br.<\/p>\n<p><br><b><br>9. LEI APLIC\u00c1VEL<\/b><\/p>\n<p>\nQualquer disputa em conex\u00e3o com esta Pol\u00edtica de Privacidade ser\u00e1 regida e interpretada de acordo com a legisla\u00e7\u00e3o&nbsp; brasileira&nbsp;<br><\/p>\n<p><br><\/p>\n<p><b>10. HIST\u00d3RICO DE ATUALIZA\u00c7\u00d5ES&nbsp;<\/b><br><\/p>\t\t\t\t\t\t\t\t<\/div>\n\t\t\t\t<\/div>\n\t\t\t\t<div class=\"elementor-element elementor-element-e5ea4f6 elementor-widget elementor-widget-image\" data-id=\"e5ea4f6\" data-element_type=\"widget\" data-widget_type=\"image.default\">\n\t\t\t\t<div class=\"elementor-widget-container\">\n\t\t\t\t\t\t\t\t\t\t\t\t\t\t\t<img loading=\"lazy\" decoding=\"async\" width=\"638\" height=\"68\" src=\"https:\/\/imatec.com.br\/wp-content\/uploads\/2024\/04\/NOTA-POLITICA-DE-COOKIES-6.jpg\" class=\"attachment-large size-large wp-image-2084\" alt=\"\" srcset=\"https:\/\/imatec.com.br\/wp-content\/uploads\/2024\/04\/NOTA-POLITICA-DE-COOKIES-6.jpg 638w, https:\/\/imatec.com.br\/wp-content\/uploads\/2024\/04\/NOTA-POLITICA-DE-COOKIES-6-300x32.jpg 300w\" sizes=\"(max-width: 638px) 100vw, 638px\" \/>\t\t\t\t\t\t\t\t\t\t\t\t\t\t\t<\/div>\n\t\t\t\t<\/div>\n\t\t\t\t\t<\/div>\n\t\t\t\t<\/div>\n\t\t\t\t<\/div>\n\t\t","protected":false},"excerpt":{"rendered":"<p>A IMATEC entrega aos clientes detalhamento de todos os aspectos envolvidos no gerenciamento de informa\u00e7\u00f5es. <\/p>\n","protected":false},"author":1,"featured_media":0,"parent":0,"menu_order":0,"comment_status":"closed","ping_status":"closed","template":"","meta":{"footnotes":""},"class_list":["post-145","page","type-page","status-publish","hentry"],"_links":{"self":[{"href":"https:\/\/imatec.com.br\/index.php\/wp-json\/wp\/v2\/pages\/145","targetHints":{"allow":["GET"]}}],"collection":[{"href":"https:\/\/imatec.com.br\/index.php\/wp-json\/wp\/v2\/pages"}],"about":[{"href":"https:\/\/imatec.com.br\/index.php\/wp-json\/wp\/v2\/types\/page"}],"author":[{"embeddable":true,"href":"https:\/\/imatec.com.br\/index.php\/wp-json\/wp\/v2\/users\/1"}],"replies":[{"embeddable":true,"href":"https:\/\/imatec.com.br\/index.php\/wp-json\/wp\/v2\/comments?post=145"}],"version-history":[{"count":31,"href":"https:\/\/imatec.com.br\/index.php\/wp-json\/wp\/v2\/pages\/145\/revisions"}],"predecessor-version":[{"id":2360,"href":"https:\/\/imatec.com.br\/index.php\/wp-json\/wp\/v2\/pages\/145\/revisions\/2360"}],"wp:attachment":[{"href":"https:\/\/imatec.com.br\/index.php\/wp-json\/wp\/v2\/media?parent=145"}],"curies":[{"name":"wp","href":"https:\/\/api.w.org\/{rel}","templated":true}]}}