{"id":1461,"date":"2024-03-27T14:53:31","date_gmt":"2024-03-27T17:53:31","guid":{"rendered":"https:\/\/imatec.com.br\/novo\/?page_id=1461"},"modified":"2024-04-17T15:03:12","modified_gmt":"2024-04-17T18:03:12","slug":"bpo-service","status":"publish","type":"page","link":"https:\/\/imatec.com.br\/index.php\/bpo-service\/","title":{"rendered":"BPO SERVICE"},"content":{"rendered":"\t\t<div data-elementor-type=\"wp-page\" data-elementor-id=\"1461\" class=\"elementor elementor-1461\" data-elementor-post-type=\"page\">\n\t\t\t\t<div class=\"elementor-element elementor-element-1b97335 e-con-full e-flex e-con e-parent\" data-id=\"1b97335\" data-element_type=\"container\" data-settings=\"{&quot;background_background&quot;:&quot;classic&quot;}\">\n\t\t\t\t<div class=\"elementor-element elementor-element-3bb005e elementor-widget__width-inherit elementor-widget elementor-widget-image\" data-id=\"3bb005e\" data-element_type=\"widget\" data-widget_type=\"image.default\">\n\t\t\t\t<div class=\"elementor-widget-container\">\n\t\t\t\t\t\t\t\t\t\t\t\t\t\t\t<img fetchpriority=\"high\" decoding=\"async\" width=\"1920\" height=\"650\" src=\"https:\/\/imatec.com.br\/wp-content\/uploads\/2024\/03\/bpo-service-2.png\" class=\"attachment-full size-full wp-image-1463\" alt=\"bpo-service\" srcset=\"https:\/\/imatec.com.br\/wp-content\/uploads\/2024\/03\/bpo-service-2.png 1920w, https:\/\/imatec.com.br\/wp-content\/uploads\/2024\/03\/bpo-service-2-300x102.png 300w, https:\/\/imatec.com.br\/wp-content\/uploads\/2024\/03\/bpo-service-2-1024x347.png 1024w, https:\/\/imatec.com.br\/wp-content\/uploads\/2024\/03\/bpo-service-2-768x260.png 768w, https:\/\/imatec.com.br\/wp-content\/uploads\/2024\/03\/bpo-service-2-1536x520.png 1536w\" sizes=\"(max-width: 1920px) 100vw, 1920px\" \/>\t\t\t\t\t\t\t\t\t\t\t\t\t\t\t<\/div>\n\t\t\t\t<\/div>\n\t\t\t\t<\/div>\n\t\t<div class=\"elementor-element elementor-element-b35a305 e-con-full e-flex e-con e-parent\" data-id=\"b35a305\" data-element_type=\"container\">\n\t\t\t\t<div class=\"elementor-element elementor-element-d924547 elementor-widget elementor-widget-heading\" data-id=\"d924547\" data-element_type=\"widget\" data-widget_type=\"heading.default\">\n\t\t\t\t<div class=\"elementor-widget-container\">\n\t\t\t\t\t<h2 class=\"elementor-heading-title elementor-size-default\">BPO (Business Process Outsourcing): <br>A Excel\u00eancia na Terceiriza\u00e7\u00e3o de Processos Empresariais<\/h2>\t\t\t\t<\/div>\n\t\t\t\t<\/div>\n\t\t<div class=\"elementor-element elementor-element-0088b85 e-flex e-con-boxed e-con e-child\" data-id=\"0088b85\" data-element_type=\"container\">\n\t\t\t\t\t<div class=\"e-con-inner\">\n\t\t\t\t<div class=\"elementor-element elementor-element-d5a8975 elementor-widget elementor-widget-image\" data-id=\"d5a8975\" data-element_type=\"widget\" data-widget_type=\"image.default\">\n\t\t\t\t<div class=\"elementor-widget-container\">\n\t\t\t\t\t\t\t\t\t\t\t\t\t\t\t<img decoding=\"async\" width=\"600\" height=\"300\" src=\"https:\/\/imatec.com.br\/wp-content\/uploads\/2024\/03\/bpo-service-3.png\" class=\"attachment-medium_large size-medium_large wp-image-1465\" alt=\"\" srcset=\"https:\/\/imatec.com.br\/wp-content\/uploads\/2024\/03\/bpo-service-3.png 600w, https:\/\/imatec.com.br\/wp-content\/uploads\/2024\/03\/bpo-service-3-300x150.png 300w\" sizes=\"(max-width: 600px) 100vw, 600px\" \/>\t\t\t\t\t\t\t\t\t\t\t\t\t\t\t<\/div>\n\t\t\t\t<\/div>\n\t\t\t\t<div class=\"elementor-element elementor-element-8f5edbd elementor-widget elementor-widget-text-editor\" data-id=\"8f5edbd\" data-element_type=\"widget\" data-widget_type=\"text-editor.default\">\n\t\t\t\t<div class=\"elementor-widget-container\">\n\t\t\t\t\t\t\t\t\t<p>O Business Process Outsourcing (BPO) \u00e9 uma estrat\u00e9gia vital adotada por empresas para otimizar suas opera\u00e7\u00f5es e focar em suas atividades essenciais.<\/p><p>A Imatec, l\u00edder com mais de 30 anos de experi\u00eancia em servi\u00e7os de <strong><a href=\"https:\/\/imatec.com.br\/index.php\/digitalizacao-de-documentos\/\">digitaliza\u00e7\u00e3o<\/a><\/strong> e <strong><a href=\"https:\/\/imatec.com.br\/index.php\/ged-tecnologia-em-software\/\">gest\u00e3o documental<\/a><\/strong>, destaca-se nesse campo, oferecendo solu\u00e7\u00f5es de <strong><a href=\"https:\/\/imatec.com.br\/index.php\/bpo-service\/\">BPO<\/a><\/strong> que impulsionam a excel\u00eancia operacional.<\/p>\t\t\t\t\t\t\t\t<\/div>\n\t\t\t\t<\/div>\n\t\t\t\t\t<\/div>\n\t\t\t\t<\/div>\n\t\t\t\t<\/div>\n\t\t<div class=\"elementor-element elementor-element-786e45f e-flex e-con-boxed e-con e-parent\" data-id=\"786e45f\" data-element_type=\"container\">\n\t\t\t\t\t<div class=\"e-con-inner\">\n\t\t<div class=\"elementor-element elementor-element-84fcbf4 e-con-full e-flex e-con e-child\" data-id=\"84fcbf4\" data-element_type=\"container\">\n\t\t\t\t<div class=\"elementor-element elementor-element-229ed80 elementor-widget elementor-widget-heading\" data-id=\"229ed80\" data-element_type=\"widget\" data-widget_type=\"heading.default\">\n\t\t\t\t<div class=\"elementor-widget-container\">\n\t\t\t\t\t<h2 class=\"elementor-heading-title elementor-size-default\">Entendendo o BPO:<\/h2>\t\t\t\t<\/div>\n\t\t\t\t<\/div>\n\t\t\t\t<div class=\"elementor-element elementor-element-3be420d elementor-widget elementor-widget-text-editor\" data-id=\"3be420d\" data-element_type=\"widget\" data-widget_type=\"text-editor.default\">\n\t\t\t\t<div class=\"elementor-widget-container\">\n\t\t\t\t\t\t\t\t\t<p>O BPO envolve a transfer\u00eancia de opera\u00e7\u00f5es e responsabilidades de fun\u00e7\u00f5es espec\u00edficas para um provedor de servi\u00e7os terceirizado, como a <strong>Imatec<\/strong>.<\/p><p>Essa abordagem permite que as empresas concentrem seus recursos nas \u00e1reas estrat\u00e9gicas, enquanto parceiros especializados cuidam das atividades operacionais.<\/p>\t\t\t\t\t\t\t\t<\/div>\n\t\t\t\t<\/div>\n\t\t\t\t<\/div>\n\t\t<div class=\"elementor-element elementor-element-0116bff e-con-full e-flex e-con e-child\" data-id=\"0116bff\" data-element_type=\"container\">\n\t\t\t\t<div class=\"elementor-element elementor-element-f04da5a elementor-widget elementor-widget-heading\" data-id=\"f04da5a\" data-element_type=\"widget\" data-widget_type=\"heading.default\">\n\t\t\t\t<div class=\"elementor-widget-container\">\n\t\t\t\t\t<h2 class=\"elementor-heading-title elementor-size-default\">Papel da Imatec no BPO:<\/h2>\t\t\t\t<\/div>\n\t\t\t\t<\/div>\n\t\t\t\t<div class=\"elementor-element elementor-element-609430e elementor-widget elementor-widget-text-editor\" data-id=\"609430e\" data-element_type=\"widget\" data-widget_type=\"text-editor.default\">\n\t\t\t\t<div class=\"elementor-widget-container\">\n\t\t\t\t\t\t\t\t\t<p>Trabalhando em colabora\u00e7\u00e3o pr\u00f3xima com as empresas, a <strong>Imatec<\/strong> identifica quais processos podem ser terceirizados com sucesso.<\/p><p>Com sua expertise, desenvolve e implementa solu\u00e7\u00f5es de terceiriza\u00e7\u00e3o alinhadas aos objetivos comerciais de seus clientes.<\/p>\t\t\t\t\t\t\t\t<\/div>\n\t\t\t\t<\/div>\n\t\t\t\t<\/div>\n\t\t\t\t\t<\/div>\n\t\t\t\t<\/div>\n\t\t<div class=\"elementor-element elementor-element-3c56ff2 e-con-full e-flex e-con e-parent\" data-id=\"3c56ff2\" data-element_type=\"container\">\n\t\t\t\t<div class=\"elementor-element elementor-element-5597648 elementor-widget elementor-widget-heading\" data-id=\"5597648\" data-element_type=\"widget\" data-widget_type=\"heading.default\">\n\t\t\t\t<div class=\"elementor-widget-container\">\n\t\t\t\t\t<h2 class=\"elementor-heading-title elementor-size-default\">Excel\u00eancia e Otimiza\u00e7\u00e3o de Processos:<\/h2>\t\t\t\t<\/div>\n\t\t\t\t<\/div>\n\t\t\t\t<\/div>\n\t\t<div class=\"elementor-element elementor-element-f63d8aa e-con-full e-flex e-con e-parent\" data-id=\"f63d8aa\" data-element_type=\"container\">\n\t\t<div class=\"elementor-element elementor-element-c9d056a e-con-full e-flex e-con e-child\" data-id=\"c9d056a\" data-element_type=\"container\">\n\t\t\t\t<div class=\"elementor-element elementor-element-5b4bad5 elementor-widget elementor-widget-text-editor\" data-id=\"5b4bad5\" data-element_type=\"widget\" data-widget_type=\"text-editor.default\">\n\t\t\t\t<div class=\"elementor-widget-container\">\n\t\t\t\t\t\t\t\t\t<p>A <strong>Imatec<\/strong> vai al\u00e9m da simples terceiriza\u00e7\u00e3o; busca constantemente otimizar os processos de seus clientes.<\/p><p>Ao aplicar melhores pr\u00e1ticas e ferramentas, garante qualidade, efici\u00eancia e redu\u00e7\u00e3o de custos em todas as etapas.<\/p>\t\t\t\t\t\t\t\t<\/div>\n\t\t\t\t<\/div>\n\t\t\t\t<\/div>\n\t\t<div class=\"elementor-element elementor-element-e13dfdb e-con-full e-flex e-con e-child\" data-id=\"e13dfdb\" data-element_type=\"container\">\n\t\t\t\t<div class=\"elementor-element elementor-element-ec8202b elementor-widget elementor-widget-image\" data-id=\"ec8202b\" data-element_type=\"widget\" data-widget_type=\"image.default\">\n\t\t\t\t<div class=\"elementor-widget-container\">\n\t\t\t\t\t\t\t\t\t\t\t\t\t\t\t<img decoding=\"async\" width=\"600\" height=\"300\" src=\"https:\/\/imatec.com.br\/wp-content\/uploads\/2024\/03\/otimizacao-de-processos.png\" class=\"attachment-large size-large wp-image-1475\" alt=\"otimiza\u00e7\u00e3o de processos\" srcset=\"https:\/\/imatec.com.br\/wp-content\/uploads\/2024\/03\/otimizacao-de-processos.png 600w, https:\/\/imatec.com.br\/wp-content\/uploads\/2024\/03\/otimizacao-de-processos-300x150.png 300w\" sizes=\"(max-width: 600px) 100vw, 600px\" \/>\t\t\t\t\t\t\t\t\t\t\t\t\t\t\t<\/div>\n\t\t\t\t<\/div>\n\t\t\t\t<\/div>\n\t\t\t\t<\/div>\n\t\t<div class=\"elementor-element elementor-element-3e63fcd e-flex e-con-boxed e-con e-parent\" data-id=\"3e63fcd\" data-element_type=\"container\">\n\t\t\t\t\t<div class=\"e-con-inner\">\n\t\t\t\t<div class=\"elementor-element elementor-element-1d6643e elementor-widget elementor-widget-heading\" data-id=\"1d6643e\" data-element_type=\"widget\" data-widget_type=\"heading.default\">\n\t\t\t\t<div class=\"elementor-widget-container\">\n\t\t\t\t\t<h2 class=\"elementor-heading-title elementor-size-default\">Benef\u00edcios do BPO com a Imatec:<\/h2>\t\t\t\t<\/div>\n\t\t\t\t<\/div>\n\t\t\t\t\t<\/div>\n\t\t\t\t<\/div>\n\t\t<div class=\"elementor-element elementor-element-59193ea e-con-full e-flex e-con e-parent\" data-id=\"59193ea\" data-element_type=\"container\">\n\t\t<div class=\"elementor-element elementor-element-8bbc441 e-con-full e-flex e-con e-child\" data-id=\"8bbc441\" data-element_type=\"container\">\n\t\t\t\t<div class=\"elementor-element elementor-element-47d5b4a elementor-widget elementor-widget-text-editor\" data-id=\"47d5b4a\" data-element_type=\"widget\" data-widget_type=\"text-editor.default\">\n\t\t\t\t<div class=\"elementor-widget-container\">\n\t\t\t\t\t\t\t\t\t<ol><li><strong>Foco Estrat\u00e9gico:<\/strong><\/li><\/ol><p>\u00a0\u00a0 Ao liberar recursos n\u00e3o essenciais para a <strong>Imatec<\/strong>, as empresas podem se concentrar em \u00e1reas cr\u00edticas como inova\u00e7\u00e3o e atendimento ao cliente.<\/p><ol start=\"2\"><li><strong>Redu\u00e7\u00e3o de Custos:<\/strong><\/li><\/ol><p>\u00a0\u00a0 A <strong>Imatec<\/strong> reduz os custos operacionais, incluindo m\u00e3o-de-obra e infraestrutura, proporcionando economias significativas.<\/p>\t\t\t\t\t\t\t\t<\/div>\n\t\t\t\t<\/div>\n\t\t\t\t<\/div>\n\t\t<div class=\"elementor-element elementor-element-c3d8f82 e-con-full e-flex e-con e-child\" data-id=\"c3d8f82\" data-element_type=\"container\">\n\t\t\t\t<div class=\"elementor-element elementor-element-857eec1 elementor-widget elementor-widget-image\" data-id=\"857eec1\" data-element_type=\"widget\" data-widget_type=\"image.default\">\n\t\t\t\t<div class=\"elementor-widget-container\">\n\t\t\t\t\t\t\t\t\t\t\t\t\t\t\t<img loading=\"lazy\" decoding=\"async\" width=\"600\" height=\"300\" src=\"https:\/\/imatec.com.br\/wp-content\/uploads\/2024\/03\/reduzir-custos.png\" class=\"attachment-large size-large wp-image-1482\" alt=\"reduzir custos\" srcset=\"https:\/\/imatec.com.br\/wp-content\/uploads\/2024\/03\/reduzir-custos.png 600w, https:\/\/imatec.com.br\/wp-content\/uploads\/2024\/03\/reduzir-custos-300x150.png 300w\" sizes=\"(max-width: 600px) 100vw, 600px\" \/>\t\t\t\t\t\t\t\t\t\t\t\t\t\t\t<\/div>\n\t\t\t\t<\/div>\n\t\t\t\t<\/div>\n\t\t\t\t<\/div>\n\t\t<div class=\"elementor-element elementor-element-def5ece e-con-full e-flex e-con e-parent\" data-id=\"def5ece\" data-element_type=\"container\">\n\t\t<div class=\"elementor-element elementor-element-206728e e-con-full e-flex e-con e-child\" data-id=\"206728e\" data-element_type=\"container\">\n\t\t\t\t<div class=\"elementor-element elementor-element-fc47475 elementor-widget elementor-widget-text-editor\" data-id=\"fc47475\" data-element_type=\"widget\" data-widget_type=\"text-editor.default\">\n\t\t\t\t<div class=\"elementor-widget-container\">\n\t\t\t\t\t\t\t\t\t<ol start=\"3\"><li><strong>Melhoria da Efici\u00eancia:<\/strong><\/li><\/ol><p>\u00a0\u00a0 Com processos otimizados, as empresas experimentam melhorias tang\u00edveis na efici\u00eancia e qualidade de suas opera\u00e7\u00f5es.<\/p><ol start=\"4\"><li><strong>Mensura\u00e7\u00e3o de Resultados:<\/strong><\/li><\/ol><p>\u00a0\u00a0 A <strong>Imatec<\/strong> estabelece m\u00e9tricas mensur\u00e1veis para garantir que os resultados do BPO sejam tang\u00edveis e alinhados aos objetivos comerciais.<\/p>\t\t\t\t\t\t\t\t<\/div>\n\t\t\t\t<\/div>\n\t\t\t\t<\/div>\n\t\t<div class=\"elementor-element elementor-element-87ef18f e-con-full e-flex e-con e-child\" data-id=\"87ef18f\" data-element_type=\"container\">\n\t\t\t\t<div class=\"elementor-element elementor-element-10fa80a elementor-widget elementor-widget-image\" data-id=\"10fa80a\" data-element_type=\"widget\" data-widget_type=\"image.default\">\n\t\t\t\t<div class=\"elementor-widget-container\">\n\t\t\t\t\t\t\t\t\t\t\t\t\t\t\t<img loading=\"lazy\" decoding=\"async\" width=\"600\" height=\"300\" src=\"https:\/\/imatec.com.br\/wp-content\/uploads\/2024\/03\/metricas.png\" class=\"attachment-large size-large wp-image-1486\" alt=\"\" srcset=\"https:\/\/imatec.com.br\/wp-content\/uploads\/2024\/03\/metricas.png 600w, https:\/\/imatec.com.br\/wp-content\/uploads\/2024\/03\/metricas-300x150.png 300w\" sizes=\"(max-width: 600px) 100vw, 600px\" \/>\t\t\t\t\t\t\t\t\t\t\t\t\t\t\t<\/div>\n\t\t\t\t<\/div>\n\t\t\t\t<\/div>\n\t\t\t\t<\/div>\n\t\t<div class=\"elementor-element elementor-element-2f58571 e-flex e-con-boxed e-con e-parent\" data-id=\"2f58571\" data-element_type=\"container\">\n\t\t\t\t\t<div class=\"e-con-inner\">\n\t\t\t\t<div class=\"elementor-element elementor-element-fb6839f elementor-widget elementor-widget-text-editor\" data-id=\"fb6839f\" data-element_type=\"widget\" data-widget_type=\"text-editor.default\">\n\t\t\t\t<div class=\"elementor-widget-container\">\n\t\t\t\t\t\t\t\t\t<p>Em suma, o BPO oferece uma abordagem estrat\u00e9gica e eficaz para a terceiriza\u00e7\u00e3o de processos empresariais.<\/p><p>Com a Imatec como parceira, as empresas alcan\u00e7am a excel\u00eancia operacional, impulsionando a inova\u00e7\u00e3o e o sucesso em um mercado competitivo.<\/p>\t\t\t\t\t\t\t\t<\/div>\n\t\t\t\t<\/div>\n\t\t\t\t\t<\/div>\n\t\t\t\t<\/div>\n\t\t<div class=\"elementor-element elementor-element-3421bce e-flex e-con-boxed e-con e-parent\" data-id=\"3421bce\" data-element_type=\"container\">\n\t\t\t\t\t<div class=\"e-con-inner\">\n\t\t\t\t<div class=\"elementor-element elementor-element-6993cf7 elementor-align-center elementor-widget elementor-widget-button\" data-id=\"6993cf7\" data-element_type=\"widget\" data-widget_type=\"button.default\">\n\t\t\t\t<div class=\"elementor-widget-container\">\n\t\t\t\t\t\t\t\t\t<div class=\"elementor-button-wrapper\">\n\t\t\t\t\t<a class=\"elementor-button elementor-button-link elementor-size-sm\" href=\"https:\/\/imatec.com.br\/index.php\/contato\/\">\n\t\t\t\t\t\t<span class=\"elementor-button-content-wrapper\">\n\t\t\t\t\t\t\t\t\t<span class=\"elementor-button-text\">SAIBA MAIS<\/span>\n\t\t\t\t\t<\/span>\n\t\t\t\t\t<\/a>\n\t\t\t\t<\/div>\n\t\t\t\t\t\t\t\t<\/div>\n\t\t\t\t<\/div>\n\t\t\t\t\t<\/div>\n\t\t\t\t<\/div>\n\t\t<div class=\"elementor-element elementor-element-1687e60 e-flex e-con-boxed e-con e-parent\" data-id=\"1687e60\" data-element_type=\"container\">\n\t\t\t\t\t<div class=\"e-con-inner\">\n\t\t<div class=\"elementor-element elementor-element-abdffa0 e-flex e-con-boxed e-con e-child\" data-id=\"abdffa0\" data-element_type=\"container\">\n\t\t\t\t\t<div class=\"e-con-inner\">\n\t\t<div class=\"elementor-element elementor-element-f095c09 e-con-full e-flex e-con e-child\" data-id=\"f095c09\" data-element_type=\"container\">\n\t\t\t\t<div class=\"elementor-element elementor-element-8ccfd9a elementor-widget elementor-widget-heading\" data-id=\"8ccfd9a\" data-element_type=\"widget\" data-widget_type=\"heading.default\">\n\t\t\t\t<div class=\"elementor-widget-container\">\n\t\t\t\t\t<h2 class=\"elementor-heading-title elementor-size-default\">VEJA TAMB\u00c9M:<\/h2>\t\t\t\t<\/div>\n\t\t\t\t<\/div>\n\t\t\t\t<\/div>\n\t\t\t\t\t<\/div>\n\t\t\t\t<\/div>\n\t\t\t\t\t<\/div>\n\t\t\t\t<\/div>\n\t\t<div class=\"elementor-element elementor-element-09ee81e e-flex e-con-boxed e-con e-parent\" data-id=\"09ee81e\" data-element_type=\"container\">\n\t\t\t\t\t<div class=\"e-con-inner\">\n\t\t<div class=\"elementor-element elementor-element-05113cf e-flex e-con-boxed e-con e-child\" data-id=\"05113cf\" data-element_type=\"container\">\n\t\t\t\t\t<div class=\"e-con-inner\">\n\t\t<div class=\"elementor-element elementor-element-391c606 e-con-full e-flex e-con e-child\" data-id=\"391c606\" data-element_type=\"container\">\n\t\t\t\t<div class=\"elementor-element elementor-element-50656cd elementor-grid-tablet-3 elementor-grid-3 elementor-grid-mobile-1 elementor-posts--thumbnail-top elementor-card-shadow-yes elementor-posts__hover-gradient elementor-widget elementor-widget-posts\" data-id=\"50656cd\" data-element_type=\"widget\" data-settings=\"{&quot;cards_columns_tablet&quot;:&quot;3&quot;,&quot;pagination_type&quot;:&quot;numbers_and_prev_next&quot;,&quot;cards_columns&quot;:&quot;3&quot;,&quot;cards_columns_mobile&quot;:&quot;1&quot;,&quot;cards_row_gap&quot;:{&quot;unit&quot;:&quot;px&quot;,&quot;size&quot;:35,&quot;sizes&quot;:[]},&quot;cards_row_gap_tablet&quot;:{&quot;unit&quot;:&quot;px&quot;,&quot;size&quot;:&quot;&quot;,&quot;sizes&quot;:[]},&quot;cards_row_gap_mobile&quot;:{&quot;unit&quot;:&quot;px&quot;,&quot;size&quot;:&quot;&quot;,&quot;sizes&quot;:[]}}\" data-widget_type=\"posts.cards\">\n\t\t\t\t<div class=\"elementor-widget-container\">\n\t\t\t\t\t\t\t<div class=\"elementor-posts-container elementor-posts elementor-posts--skin-cards elementor-grid\">\n\t\t\t\t<article class=\"elementor-post elementor-grid-item post-1829 post type-post status-publish format-standard has-post-thumbnail hentry category-hospitais\">\n\t\t\t<div class=\"elementor-post__card\">\n\t\t\t\t<a class=\"elementor-post__thumbnail__link\" href=\"https:\/\/imatec.com.br\/index.php\/2024\/03\/30\/revolucionando-a-gestao-de-documentos-na-saude\/\" tabindex=\"-1\" ><div class=\"elementor-post__thumbnail\"><img loading=\"lazy\" decoding=\"async\" width=\"600\" height=\"300\" src=\"https:\/\/imatec.com.br\/wp-content\/uploads\/2024\/03\/hospital.png\" class=\"attachment-full size-full wp-image-1830\" alt=\"hospital\" srcset=\"https:\/\/imatec.com.br\/wp-content\/uploads\/2024\/03\/hospital.png 600w, https:\/\/imatec.com.br\/wp-content\/uploads\/2024\/03\/hospital-300x150.png 300w\" sizes=\"(max-width: 600px) 100vw, 600px\" \/><\/div><\/a>\n\t\t\t\t<div class=\"elementor-post__badge\">HOSPITAIS<\/div>\n\t\t\t\t<div class=\"elementor-post__text\">\n\t\t\t\t<h3 class=\"elementor-post__title\">\n\t\t\t<a href=\"https:\/\/imatec.com.br\/index.php\/2024\/03\/30\/revolucionando-a-gestao-de-documentos-na-saude\/\" >\n\t\t\t\tREVOLUCIONANDO A GEST\u00c3O DE DOCUMENTOS NA SA\u00daDE\t\t\t<\/a>\n\t\t<\/h3>\n\t\t\t\t<div class=\"elementor-post__excerpt\">\n\t\t\t<p>No cen\u00e1rio em constante evolu\u00e7\u00e3o da tecnologia, a digitaliza\u00e7\u00e3o e o armazenamento de documentos se destacam como passos fundamentais. Explore como a IMATEC se destaca<\/p>\n\t\t<\/div>\n\t\t\n\t\t<a class=\"elementor-post__read-more\" href=\"https:\/\/imatec.com.br\/index.php\/2024\/03\/30\/revolucionando-a-gestao-de-documentos-na-saude\/\" aria-label=\"Leia mais sobre REVOLUCIONANDO A GEST\u00c3O DE DOCUMENTOS NA SA\u00daDE\" tabindex=\"-1\" >\n\t\t\tLeia mais \u00bb\t\t<\/a>\n\n\t\t\t\t<\/div>\n\t\t\t\t\t<\/div>\n\t\t<\/article>\n\t\t\t\t<article class=\"elementor-post elementor-grid-item post-1805 post type-post status-publish format-standard has-post-thumbnail hentry category-escritotios-de-advocacia\">\n\t\t\t<div class=\"elementor-post__card\">\n\t\t\t\t<a class=\"elementor-post__thumbnail__link\" href=\"https:\/\/imatec.com.br\/index.php\/2024\/03\/30\/transformando-a-gestao-documental-de-advocacia\/\" tabindex=\"-1\" ><div class=\"elementor-post__thumbnail\"><img loading=\"lazy\" decoding=\"async\" width=\"600\" height=\"300\" src=\"https:\/\/imatec.com.br\/wp-content\/uploads\/2024\/03\/escritorio-de-advocacia.png\" class=\"attachment-full size-full wp-image-1807\" alt=\"\" srcset=\"https:\/\/imatec.com.br\/wp-content\/uploads\/2024\/03\/escritorio-de-advocacia.png 600w, https:\/\/imatec.com.br\/wp-content\/uploads\/2024\/03\/escritorio-de-advocacia-300x150.png 300w\" sizes=\"(max-width: 600px) 100vw, 600px\" \/><\/div><\/a>\n\t\t\t\t<div class=\"elementor-post__badge\">ESCRIT\u00d3TIOS DE ADVOCACIA<\/div>\n\t\t\t\t<div class=\"elementor-post__text\">\n\t\t\t\t<h3 class=\"elementor-post__title\">\n\t\t\t<a href=\"https:\/\/imatec.com.br\/index.php\/2024\/03\/30\/transformando-a-gestao-documental-de-advocacia\/\" >\n\t\t\t\tTRANSFORMANDO A GEST\u00c3O DOCUMENTAL DE ADVOCACIA\t\t\t<\/a>\n\t\t<\/h3>\n\t\t\t\t<div class=\"elementor-post__excerpt\">\n\t\t\t<p>No universo complexo do direito, onde cada detalhe importa, a gest\u00e3o documental \u00e9 uma pe\u00e7a fundamental para o sucesso dos escrit\u00f3rios de advocacia. Reconhecendo essa<\/p>\n\t\t<\/div>\n\t\t\n\t\t<a class=\"elementor-post__read-more\" href=\"https:\/\/imatec.com.br\/index.php\/2024\/03\/30\/transformando-a-gestao-documental-de-advocacia\/\" aria-label=\"Leia mais sobre TRANSFORMANDO A GEST\u00c3O DOCUMENTAL DE ADVOCACIA\" tabindex=\"-1\" >\n\t\t\tLeia mais \u00bb\t\t<\/a>\n\n\t\t\t\t<\/div>\n\t\t\t\t\t<\/div>\n\t\t<\/article>\n\t\t\t\t<article class=\"elementor-post elementor-grid-item post-503 post type-post status-publish format-standard has-post-thumbnail hentry category-ged\">\n\t\t\t<div class=\"elementor-post__card\">\n\t\t\t\t<a class=\"elementor-post__thumbnail__link\" href=\"https:\/\/imatec.com.br\/index.php\/2024\/03\/20\/5-dicas-para-cortar-custos-com-gerenciamento-de-documentos\/\" tabindex=\"-1\" ><div class=\"elementor-post__thumbnail\"><img loading=\"lazy\" decoding=\"async\" width=\"600\" height=\"300\" src=\"https:\/\/imatec.com.br\/wp-content\/uploads\/2024\/03\/1-6.png\" class=\"attachment-full size-full wp-image-1196\" alt=\"\" srcset=\"https:\/\/imatec.com.br\/wp-content\/uploads\/2024\/03\/1-6.png 600w, https:\/\/imatec.com.br\/wp-content\/uploads\/2024\/03\/1-6-300x150.png 300w\" sizes=\"(max-width: 600px) 100vw, 600px\" \/><\/div><\/a>\n\t\t\t\t<div class=\"elementor-post__badge\">GED<\/div>\n\t\t\t\t<div class=\"elementor-post__text\">\n\t\t\t\t<h3 class=\"elementor-post__title\">\n\t\t\t<a href=\"https:\/\/imatec.com.br\/index.php\/2024\/03\/20\/5-dicas-para-cortar-custos-com-gerenciamento-de-documentos\/\" >\n\t\t\t\t5 Dicas para Cortar Custos com <br>Gerenciamento de Documentos\t\t\t<\/a>\n\t\t<\/h3>\n\t\t\t\t<div class=\"elementor-post__excerpt\">\n\t\t\t<p>Em muitas empresas, \u00e9 comum encontrar pilhas de pap\u00e9is e documentos ocupando espa\u00e7os preciosos que poderiam ser utilizados de forma mais eficiente. Felizmente, existem estrat\u00e9gias<\/p>\n\t\t<\/div>\n\t\t\n\t\t<a class=\"elementor-post__read-more\" href=\"https:\/\/imatec.com.br\/index.php\/2024\/03\/20\/5-dicas-para-cortar-custos-com-gerenciamento-de-documentos\/\" aria-label=\"Leia mais sobre 5 Dicas para Cortar Custos com &lt;br&gt;Gerenciamento de Documentos\" tabindex=\"-1\" >\n\t\t\tLeia mais \u00bb\t\t<\/a>\n\n\t\t\t\t<\/div>\n\t\t\t\t\t<\/div>\n\t\t<\/article>\n\t\t\t\t<\/div>\n\t\t\n\t\t\t\t<div class=\"e-load-more-anchor\" data-page=\"1\" data-max-page=\"3\" data-next-page=\"https:\/\/imatec.com.br\/index.php\/wp-json\/wp\/v2\/pages\/1461\/page\/2\/\"><\/div>\n\t\t\t\t<nav class=\"elementor-pagination\" aria-label=\"Pagina\u00e7\u00e3o\">\n\t\t\t<span class=\"page-numbers prev\">&laquo; Anterior<\/span>\n<span aria-current=\"page\" class=\"page-numbers current\"><span class=\"elementor-screen-only\">P\u00e1gina<\/span>1<\/span>\n<a class=\"page-numbers\" href=\"https:\/\/imatec.com.br\/index.php\/wp-json\/wp\/v2\/pages\/1461\/page\/2\/\"><span class=\"elementor-screen-only\">P\u00e1gina<\/span>2<\/a>\n<a class=\"page-numbers\" href=\"https:\/\/imatec.com.br\/index.php\/wp-json\/wp\/v2\/pages\/1461\/page\/3\/\"><span class=\"elementor-screen-only\">P\u00e1gina<\/span>3<\/a>\n<a class=\"page-numbers next\" href=\"https:\/\/imatec.com.br\/index.php\/wp-json\/wp\/v2\/pages\/1461\/page\/2\/\">Seguinte &raquo;<\/a>\t\t<\/nav>\n\t\t\t\t\t\t<\/div>\n\t\t\t\t<\/div>\n\t\t\t\t<\/div>\n\t\t\t\t\t<\/div>\n\t\t\t\t<\/div>\n\t\t\t\t\t<\/div>\n\t\t\t\t<\/div>\n\t\t\t\t<\/div>\n\t\t","protected":false},"excerpt":{"rendered":"<p>O BPO envolve a transfer\u00eancia das opera\u00e7\u00f5es e responsabilidades de fun\u00e7\u00f5es espec\u00edficas para um provedor de servi\u00e7os terceirizado, como a Imatec. <\/p>\n","protected":false},"author":1,"featured_media":0,"parent":0,"menu_order":0,"comment_status":"closed","ping_status":"closed","template":"elementor_header_footer","meta":{"footnotes":""},"class_list":["post-1461","page","type-page","status-publish","hentry"],"_links":{"self":[{"href":"https:\/\/imatec.com.br\/index.php\/wp-json\/wp\/v2\/pages\/1461","targetHints":{"allow":["GET"]}}],"collection":[{"href":"https:\/\/imatec.com.br\/index.php\/wp-json\/wp\/v2\/pages"}],"about":[{"href":"https:\/\/imatec.com.br\/index.php\/wp-json\/wp\/v2\/types\/page"}],"author":[{"embeddable":true,"href":"https:\/\/imatec.com.br\/index.php\/wp-json\/wp\/v2\/users\/1"}],"replies":[{"embeddable":true,"href":"https:\/\/imatec.com.br\/index.php\/wp-json\/wp\/v2\/comments?post=1461"}],"version-history":[{"count":37,"href":"https:\/\/imatec.com.br\/index.php\/wp-json\/wp\/v2\/pages\/1461\/revisions"}],"predecessor-version":[{"id":2709,"href":"https:\/\/imatec.com.br\/index.php\/wp-json\/wp\/v2\/pages\/1461\/revisions\/2709"}],"wp:attachment":[{"href":"https:\/\/imatec.com.br\/index.php\/wp-json\/wp\/v2\/media?parent=1461"}],"curies":[{"name":"wp","href":"https:\/\/api.w.org\/{rel}","templated":true}]}}